he prime factors of 77211586?
2, 17, 2270929
List the prime factors of 3129774373.
11, 19, 229, 65393
List the prime factors of 1095712969.
13, 84285613
List the prime factors of 36201981.
3, 131, 251, 367
What are the prime factors of 8787006604?
2, 36551, 60101
List the prime factors of 28621174.
2, 14310587
List the prime factors of 962071699.
691, 809, 1721
List the prime factors of 526289867.
337, 757, 2063
What are the prime factors of 4259524852?
2, 11, 96807383
List the prime factors of 110248953.
3, 36749651
What are the prime factors of 2478330817?
15101, 164117
What are the prime factors of 503820945?
3, 5, 3732007
List the prime factors of 269352245.
5, 53870449
What are the prime factors of 3799639456?
2, 19, 6249407
What are the prime factors of 849544695?
3, 5, 18878771
List the prime factors of 698975685.
3, 5, 15532793
List the prime factors of 1966715533.
17, 23, 29, 107, 1621
What are the prime factors of 580516059?
3, 1553, 124601
List the prime factors of 3486681633.
3, 3491, 332921
What are the prime factors of 49052203?
227, 281, 769
What are the prime factors of 4927016012?
2, 487, 2529269
What are the prime factors of 371789564?
2, 257, 361663
List the prime factors of 777196294.
2, 7, 6389, 8689
List the prime factors of 352048252.
2, 683, 128861
What are the prime factors of 89175016?
2, 7, 1592411
List the prime factors of 58909084.
2, 13, 83, 13649
List the prime factors of 362506020.
2, 3, 5, 37, 283, 577
What are the prime factors of 87335542?
2, 7, 891179
List the prime factors of 68509414.
2, 113, 303139
List the prime factors of 71343009.
3, 2503, 3167
List the prime factors of 181075540.
2, 5, 67, 135131
List the prime factors of 128247850.
2, 5, 2564957
What are the prime factors of 1628786302?
2, 11, 13, 163, 34939
List the prime factors of 36764803.
36764803
What are the prime factors of 280653902?
2, 19, 73, 101173
What are the prime factors of 426212742?
2, 3, 79, 899183
List the prime factors of 3185264729.
3185264729
List the prime factors of 3466856689.
3466856689
List the prime factors of 66283702.
2, 33141851
List the prime factors of 1588855028.
2, 31, 821, 15607
List the prime factors of 41758819.
41758819
What are the prime factors of 104109052?
2, 26027263
What are the prime factors of 769752536?
2, 7, 3023, 4547
What are the prime factors of 2556901?
29, 88169
List the prime factors of 64848221.
1291, 50231
List the prime factors of 34597776.
2, 3, 157, 4591
List the prime factors of 7089864038.
2, 3544932019
What are the prime factors of 163176856?
2, 47, 433981
List the prime factors of 663708324.
2, 3, 55309027
List the prime factors of 1601464378.
2, 23, 34814443
What are the prime factors of 87810835?
5, 7, 137, 18313
List the prime factors of 38687038.
2, 13, 1487963
List the prime factors of 328560144.
2, 3, 11, 53, 59, 199
What are the prime factors of 1495710631?
23, 2423, 26839
List the prime factors of 25593749.
103, 248483
What are the prime factors of 37701287?
13, 2900099
What are the prime factors of 75615452?
2, 11, 359, 4787
List the prime factors of 1739849469.
3, 79, 7341137
List the prime factors of 1048939090.
2, 5, 71, 79, 18701
List the prime factors of 85432124.
2, 21358031
What are the prime factors of 229361442?
2, 3, 3329, 11483
List the prime factors of 8578032.
2, 3, 173, 1033
What are the prime factors of 222970540?
2, 5, 13, 857579
What are the prime factors of 112030733?
112030733
What are the prime factors of 70737463?
619, 114277
What are the prime factors of 635450507?
397, 1600631
List the prime factors of 533891514.
2, 3, 13, 6844763
List the prime factors of 2435244742.
2, 7, 31, 53, 105871
List the prime factors of 3656099758.
2, 4663, 392033
List the prime factors of 769088191.
23, 33438617
What are the prime factors of 65771623?
17, 29, 89, 1499
List the prime factors of 590234099.
7, 13, 6486089
What are the prime factors of 60084443?
17, 3534379
What are the prime factors of 7871604822?
2, 3, 61, 89, 109, 739
What are the prime factors of 64417183?
4153, 15511
What are the prime factors of 733926381?
3, 244642127
What are the prime factors of 145290536?
2, 47, 386411
What are the prime factors of 5661560216?
2, 13, 23, 47, 50359
What are the prime factors of 2100908268?
2, 3, 181, 503, 641
List the prime factors of 28167308.
2, 13, 59, 9181
What are the prime factors of 16401820?
2, 5, 29, 28279
What are the prime factors of 41081382?
2, 3, 19, 120121
List the prime factors of 5829152418.
2, 3, 1021, 105727
List the prime factors of 4300023534.
2, 3, 419, 1710431
What are the prime factors of 2072886408?
2, 3, 23, 1251743
List the prime factors of 115131237.
3, 13, 103, 28661
List the prime factors of 427030404.
2, 3, 181, 421, 467
List the prime factors of 729808738.
2, 9137, 39937
What are the prime factors of 51778445?
5, 10355689
List the prime factors of 167739034.
2, 17, 4933501
What are the prime factors of 618346002?
2, 3, 821, 125527
List the prime factors of 9987137.
43, 232259
What are the prime factors of 10707668?
2, 2676917
List the prime factors of 511337305.
5, 17, 6015733
List the prime factors of 525958847.
307, 1713221
What are the prime factors of 2324777210?
2, 5, 7, 23, 1443961
What are the prime factors of 3323064?
2, 3, 138461
List the prime factors of 179724863.
6043, 29741
List the prime factors of 101568448.
2, 1587007
What are the prime factors of 238511943?
3, 449, 59023
What are the prime factors of 2604121239?
3, 53, 619, 26459
List the prime factors of 3127882500.
2, 3, 5, 149, 311
What are the prime factors of 3592016803?
3592016803
List the prime factors of 1395863375.
5, 257, 43451
What are the prime factors of 1020738357?
3, 149, 761177
List the prime factors of 3214746086.
2, 31253, 51431
List the prime factors of 357113389.
357113389
List the prime factors of 27197310.
2, 3, 5, 7, 67, 1933
List the prime factors of 18274460.
2, 5, 913723
What are the prime factors of 31725676?
2, 149, 53231
List the prime factors of 186545312.
2, 1627, 3583
List the prime factors of 37411645.
5, 17, 233, 1889
List the prime factors of 108033013.
11, 61, 233, 691
List the prime factors of 1011769449.
3, 337256483
What are the prime factors of 203884497?
3, 19, 62753
What are the prime factors of 300175153?
300175153
What are the prime factors of 6826450807?
11, 23, 4621, 5839
List the prime factors of 1529641540.
2, 5, 7, 29, 376759
What are the prime factors of 645691720?
2, 5, 16142293
List the prime factors of 2548389596.
2, 31, 59, 163, 2137
What are the prime factors of 83771432?
2, 157, 66697
List the prime factors of 32360710.
2, 5, 3236071
List the prime factors of 131416505.
5, 11, 2389391
What are the prime factors of 3204764477?
2339, 1370143
List the prime factors of 92383346.
2, 11, 53, 79231
What are the prime factors of 5456329?
5456329
List the prime factors of 8577246203.
317, 27057559
What are the prime factors of 13030739?
53, 245863
What are the prime factors of 117944371?
2423, 48677
List the prime factors of 645744711.
3, 17, 23, 29, 41, 463
List the prime factors of 2072508407.
2072508407
List the prime factors of 1459112648.
2, 7, 26055583
What are the prime factors of 302699854?
2, 29, 53, 59, 1669
What are the prime factors of 84760291?
7, 11, 1100783
What are the prime factors of 110985432?
2, 3, 4624393
What are the prime factors of 79371653?
1087, 73019
What are the prime factors of 189696242?
2, 9739
What are the prime factors of 62619060?
2, 3, 5, 7, 19, 59
List the prime factors of 137237732.
2, 34309433
What are the prime factors of 79564043?
13, 6120311
List the prime factors of 63372431.
59, 1074109
List the prime factors of 689281024.
2, 336563
List the prime factors of 52130447.
37, 457, 3083
List the prime factors of 1811131026.
2, 3, 29, 10408799
What are the prime factors of 42388296?
2, 3, 1766179
What are the prime factors of 164625760?
2, 5, 13, 79147
What are the prime factors of 2795679594?
2, 3, 155315533
What are the prime factors of 745461131?
745461131
What are the prime factors of 212291388?
2, 3, 1965661
What are the prime factors of 742454496?
2, 3, 7, 257, 1433
List the prime factors of 34803602.
2, 17401801
List the prime factors of 4275721871.
139, 30760589
List the prime f